lions digit of 2593760847?
3
What is the ten millions digit of 1390099275?
9
What is the ten thousands digit of 543992237?
9
What is the hundreds digit of 12944703?
7
What is the units digit of 6442798?
8
What is the units digit of 215998021?
1
What is the ten millions digit of 277941332?
7
What is the tens digit of 699895381?
8
What is the thousands digit of 154631607?
1
What is the ten thousands digit of 2355159539?
5
What is the hundreds digit of 1386261943?
9
What is the ten thousands digit of 346897051?
9
What is the tens digit of 377449563?
6
What is the hundred millions digit of 161220991?
1
What is the thousands digit of 16626524?
6
What is the tens digit of 450466472?
7
What is the hundred thousands digit of 21757540?
7
What is the hundreds digit of 271439739?
7
What is the millions digit of 3176481289?
6
What is the ten millions digit of 1207790024?
0
What is the units digit of 1804158?
8
What is the ten millions digit of 363576983?
6
What is the units digit of 3979820360?
0
What is the hundred millions digit of 3262467722?
2
What is the units digit of 3157009708?
8
What is the thousands digit of 2745931019?
1
What is the hundred thousands digit of 1162176056?
1
What is the units digit of 1231605358?
8
What is the tens digit of 134664501?
0
What is the hundred millions digit of 3745317823?
7
What is the ten millions digit of 310465085?
1
What is the tens digit of 1368727376?
7
What is the hundred millions digit of 2460216066?
4
What is the ten thousands digit of 663836691?
3
What is the thousands digit of 2760521031?
1
What is the tens digit of 9745524?
2
What is the hundred millions digit of 6028599188?
0
What is the millions digit of 2414672166?
4
What is the hundreds digit of 533236117?
1
What is the millions digit of 20554159?
0
What is the tens digit of 315401384?
8
What is the hundred millions digit of 528457983?
5
What is the hundreds digit of 819799287?
2
What is the hundred thousands digit of 420864124?
8
What is the thousands digit of 44501937?
1
What is the tens digit of 263882219?
1
What is the tens digit of 101567305?
0
What is the millions digit of 29811106?
9
What is the thousands digit of 2038790527?
0
What is the ten thousands digit of 1073589355?
8
What is the hundreds digit of 940545980?
9
What is the hundred thousands digit of 30270874?
2
What is the tens digit of 5512289?
8
What is the units digit of 49318781?
1
What is the millions digit of 374395358?
4
What is the thousands digit of 855921869?
1
What is the hundred thousands digit of 107802395?
8
What is the hundred thousands digit of 1638365?
6
What is the ten thousands digit of 4117530862?
3
What is the billions digit of 1064799389?
1
What is the hundred thousands digit of 2546762429?
7
What is the billions digit of 3099361442?
3
What is the millions digit of 83921844?
3
What is the hundreds digit of 2471735385?
3
What is the ten thousands digit of 71533563?
3
What is the thousands digit of 58590360?
0
What is the ten thousands digit of 941976754?
7
What is the hundreds digit of 1063920034?
0
What is the ten thousands digit of 6365986145?
8
What is the ten millions digit of 22144812?
2
What is the hundred millions digit of 192447432?
1
What is the hundred thousands digit of 163143838?
1
What is the billions digit of 2210998891?
2
What is the ten thousands digit of 4599641?
9
What is the billions digit of 7878815020?
7
What is the units digit of 1863986329?
9
What is the hundred thousands digit of 39235024?
2
What is the tens digit of 2400402171?
7
What is the ten millions digit of 561801568?
6
What is the ten thousands digit of 94377884?
7
What is the thousands digit of 365057027?
7
What is the ten thousands digit of 3647545?
4
What is the tens digit of 415933819?
1
What is the millions digit of 734437087?
4
What is the ten thousands digit of 1153792015?
9
What is the units digit of 2943022554?
4
What is the ten thousands digit of 527086683?
8
What is the units digit of 1069779728?
8
What is the hundred thousands digit of 239460034?
4
What is the hundred thousands digit of 52376068?
3
What is the hundred thousands digit of 37365994?
3
What is the tens digit of 47321515?
1
What is the ten millions digit of 588448148?
8
What is the hundreds digit of 2166500573?
5
What is the hundred millions digit of 6167751943?
1
What is the hundred millions digit of 487411317?
4
What is the units digit of 87777387?
7
What is the ten thousands digit of 1629565923?
6
What is the ten thousands digit of 91069312?
6
What is the ten millions digit of 24568049?
2
What is the hundred millions digit of 222317306?
2
What is the tens digit of 1026570581?
8
What is the units digit of 61965253?
3
What is the millions digit of 51358822?
1
What is the units digit of 1476824095?
5
What is the hundreds digit of 1909332226?
2
What is the units digit of 3573586784?
4
What is the ten thousands digit of 69690821?
9
What is the hundreds digit of 33672394?
3
What is the thousands digit of 1413606603?
6
What is the thousands digit of 69414446?
4
What is the hundreds digit of 37468192?
1
What is the units digit of 192129346?
6
What is the tens digit of 84561934?
3
What is the ten millions digit of 252502459?
5
What is the tens digit of 118086054?
5
What is the tens digit of 151730664?
6
What is the tens digit of 180962007?
0
What is the ten thousands digit of 67948882?
4
What is the units digit of 2242852521?
1
What is the units digit of 294509267?
7
What is the thousands digit of 167649328?
9
What is the units digit of 263895651?
1
What is the hundreds digit of 356468182?
1
What is the units digit of 251271748?
8
What is the thousands digit of 1552397379?
7
What is the thousands digit of 91151621?
1
What is the hundred thousands digit of 2622779?
6
What is the ten thousands digit of 29258328?
5
What is the ten thousands digit of 40618615?
1
What is the units digit of 4317459061?
1
What is the hundred thousands digit of 4366293383?
2
What is the millions digit of 166738881?
6
What is the units digit of 1828608666?
6
What is the hundreds digit of 46722394?
3
What is the units digit of 8836582?
2
What is the hundred thousands digit of 28949641?
9
What is the hundred thousands digit of 99408952?
4
What is the hundred millions digit of 131575229?
1
What is the units digit of 147187328?
8
What is the millions digit of 83355523?
3
What is the ten thousands digit of 5036506192?
0
What is the units digit of 23241267?
7
What is the tens digit of 15350224?
2
What is the hundreds digit of 928652335?
3
What is the thousands digit of 118033123?
3
What is the tens digit of 74491081?
8
What is the thousands digit of 404436373?
6
What is the thousands digit of 678632927?
2
What is the units digit of 15719711?
1
What is the ten thousands digit of 15115347?
1
What is the hundreds digit of 180308689?
6
What is the hundreds digit of 83398065?
0
What is the ten thousands digit of 5052821271?
2
What is the ten thousands digit of 1204654393?
5
What is the hundreds digit of 33952417?
4
What is the hundred millions digit of 407500601?
4
What is the hundred millions digit of 132702624?
1
What is the tens digit of 6608072401?
0
What is the ten millions digit of 928833310?
2
What is the hundreds digit of 448681893?
8
What is the thousands digit of 78154618?
4
What is the millions digit of 11027825?
1
What is the hundred millions digit of 417855091?
4
What is the units digit of 837728192?
2
What is the ten millions digit of 1696665620?
9
What is the tens digit of 522333459?
5
What is the ten thousands digit of 267172215?
7
What is the thousands digit of 119270252?
0
What is the hundreds digit of 65187994?
9
What is the thousands digit of 1162540418?
0
What is the ten millions digit of 1792722385?
9
What is the units digit of 391022261?
1
What is the millions digit of 2762403972?
2
What is the ten thousands digit of 36784172?
8
What is the ten millions digit of 223254495?
2
What is the hundred thousands digit of 264963347?
9
What is the units digit of 59244?
4
What is the hundred thousands digit of 181615180?
6
What is the hundred thousands digit of 2542927759?
9
What is the hundred thousands digit of 829924317?
9
What is the hundreds digit of 1032437992?
9
What is the tens digit of 338509533?
3
What is the units digit of 24